luate -101 - -109 - (-1 + 2 + -1 - 8).
16
-25 + 7 + (-1 - (9 - 9)) - -5
-14
(-6 - 0) + (2 - -3 - 4) + 2
-3
Calculate -22 + -2 - (35 - 42) - (-1 + -5).
-11
Evaluate -20 - (-5 + 3) - -20.
2
Evaluate -10 - ((7 - (-10 + 20 - -8)) + 9).
-8
What is (12 + -40 - -6) + -1?
-23
What is the value of -8 + -2 + (-51 - -56) + -6 + 2?
-9
Calculate 4 + (2 - -3 - 20).
-11
(-63 + 18 - -43) + (0 - (1 + -2))
-1
Evaluate (-30 - (-8 + -1)) + 8.
-13
Evaluate -2 + -1 + (306 - 312).
-9
What is the value of (8 - (-4 + 8)) + (4 - 23) + 3?
-12
Evaluate -66 - (-75 - -45 - -5).
-41
Calculate -31 + 3 + 33 + (-1 - 2).
2
What is the value of 5 + 2 - (20 - (-3 + 32))?
16
2 - -16 - (19 + 9 + 3)
-13
Evaluate (-82 - -76 - (-3 - 3)) + 8.
8
((-21 + 5 - -1) + 7 - -8) + 0
0
What is -27 - ((-13 - (4 - 12)) + -6)?
-16
Evaluate -10 + (-17 - -37) + (2 - 4) + -1.
7
Evaluate 15 + 3 + 2 - (-15 - -21).
14
Evaluate -3 + (6 - -1 - 2).
2
What is (7 - (-3 + 7)) + (1 - 0) + 7?
11
-21 + 33 - (-5 + (26 - 7))
-2
Evaluate (-32 - (5 - 61)) + -7.
17
Evaluate -1 + 0 + (8 + 2 - 1) - -1.
9
26 + (-6 - -2) + (-18 - -33)
37
Calculate 9 + -7 + -14 + 8.
-4
Evaluate 0 + (-14 - (-13 + -8)).
7
What is the value of 0 + (5 - (-3 - (-42 - -13)))?
-21
Calculate -2 - -13 - (-12 + 4) - (1 + -3).
21
Calculate 1 + -2 - (-10 + (-6 - -20)) - 5.
-10
Calculate 90 + -30 - 61 - (1 - 1 - -6).
-7
Calculate -24 - (-10 - 7) - ((-1 - 2) + -12).
8
Calculate -9 - (11 - 11 - 14).
5
What is (-9 - (-7 - 7)) + 9 + 9 + 4?
27
Calculate -7 + 13 + 15 + -13.
8
What is 5 + (-3 - ((-1 - -7) + -7))?
3
What is (14 - (-4 + 17)) + -2 + 1 + -5?
-5
7 - (4 - 7 - (5 - 26))
-11
Calculate -2 - (-7 + 10 + -10 - 3 - -6).
2
-2 + -11 + (4 - -8)
-1
What is the value of 13 + 10 - 22 - 5?
-4
Evaluate 12 - (9 + 5) - (3 + -10).
5
What is the value of 8 + (4 - 4) - (0 + 5)?
3
(-6 + 4 - (33 - 19)) + -6
-22
Evaluate -8 + 8 + (26 - 29).
-3
Evaluate 8 + (5 - 9 - -21) + -7.
18
What is the value of -20 + (-1 - (-19 - -3))?
-5
What is the value of -14 + (16 - 6) + -10?
-14
-1 - (2 - (-3 + 1)) - 2 - 4
-11
0 + (3 + 3 - 3) + -11
-8
What is the value of 29 + (-28 - -19) + -26?
-6
What is the value of -3 - 6 - (4 - (9 - (3 + -26)))?
19
Evaluate -3 + 26 + (-19 - -11) + 3 + -9.
9
4 - (-4 + (19 - (8 - (-6 + 5))))
-2
What is 8 - (5 + (2 - -20) - 6)?
-13
Calculate -16 + (9 - -5) + -2.
-4
What is the value of -25 + (15 - (10 + (-3 - -6)))?
-23
What is the value of (6 + -5 - 1) + -8 + 3 + 25?
20
What is the value of 3 + (2 - -2 - (2 - -8))?
-3
What is the value of 22 + (39 - 42) + 6?
25
(-1 + 10 - 3) + (-3 - -2 - 5)
0
Calculate -8 + -1 + -12 - (-9 + 0).
-12
What is -5 + -2 + (3 - (-7 - -5)) + 2?
0
(-25 - -11 - -4) + 11 - (-1 + -3)
5
What is 13 + (-31 - (20 - 38))?
0
(-22 - (9 - 10)) + 29
8
What is ((0 - 9) + -6 - -10) + -2 + 29?
22
-22 - (-9 - ((-5 - (3 + -3)) + 4))
-14
Evaluate -17 + (7 - 5) + 5 + 0.
-10
-24 + (0 - 7) + 21
-10
Calculate 3 - 0 - (-3 - -3) - (188 - 194).
9
What is (-1 + 2 - 8) + (-8 - (-9 - 11))?
5
8 + -2 + -1 + 1 - (-396 + 396)
6
Evaluate 21 - 0 - (-2 - (-4 - 18 - -11)).
12
9 + 7 + -16 + (15 - 6)
9
What is the value of 49 - -2 - (-776 - -811)?
16
Evaluate (-28 - -46) + (-14 - -6).
10
What is the value of (229 - 225) + (-1 - 2)?
1
(1 - 1) + (-32 - (-58 + 20))
6
1 - ((-8 - -3) + (0 - -6))
0
(257 - 247) + 0 + 0
10
What is 1 + -10 - (-5 + 1 + -9 + 5)?
-1
What is the value of (-9 - (0 + -4 + -3)) + 6?
4
What is (20 - 4) + (-16 - 4)?
-4
Evaluate 12 + (12 - (33 - (9 + -21))).
-21
What is -21 - -5 - (17 + (10 - 20))?
-23
7 - (-3 + (1 - -3) - (-45 - -35))
-4
Calculate (-26 - -33) + (-1 - 16 - (-2 + 1)).
-9
What is 15 - 33 - (9 - 5 - 10)?
-12
(-25 - -4 - -56) + -39
-4
Evaluate 46 + (-23 - -50) + -47.
26
Evaluate 11 - (-6 - (0 - -4 - 11)).
10
(-25 - (2 + 2 + -6)) + 398 + -393
-18
Evaluate (-31 - -14) + 5 + 13.
1
Evaluate 77 - 35 - (33 - 10).
19
Evaluate -17 - (-1 + (-10 + 2 - -5)).
-13
What is 1 - (-15 + 5 + (10 - 11) + -9)?
21
What is (-1 - 11) + (-10 - -13 - 1) - -4?
-6
What is 3 + (-9 - 3 - -19) - (1 + 2)?
7
What is (6 - (-5 - 10)) + 14 + -6?
29
Calculate 3 + -19 + 1 - (-5 + -15 - -21).
-16
Evaluate 28 - (-7 + 23) - 19.
-7
What is -44 + (-52 - -64 - (2 + 3))?
-37
What is the value of (2 - 4) + (-6 - -11) + 2?
5
What is the value of -14 - -13 - ((-3 - -3) + 23)?
-24
Calculate (1 - 5) + (-23 + 35 - 16) + 2.
-6
Calculate (7 - 11 - (-18 - 0)) + 4 + -7.
11
(-6 - (-1 - 0 - (19 - 7))) + -23
-16
Evaluate (7 + 0 - (-16 + 15)) + -9.
-1
1 - 8 - (-7 + (-4 - -5))
-1
Calculate 5 + 1 + (3 - (-1 + 13)).
-3
What is the value of 11 - (22 + 1 + -11)?
-1
Calculate 14 - (4 + -6) - 10.
6
What is the value of 5 + (0 - 5) + -1 + -2?
-3
0 - ((-7 - -18) + -11)
0
3 - (-9 + 6 - -20 - 3)
-11
Evaluate (-12 + 44 - 15) + -7.
10
Evaluate 27 + 7 + (-16 - -26 - 11).
33
Calculate 7 + -2 + 2 + (-53 - (-28 - 3)).
-15
Evaluate (-1 - (-10 + -31)) + -6.
34
Evaluate 10 + 10 + -34 + 16 + 2.
4
Evaluate 3 + (-6 - 3 - 9) - (-1 + -2).
-12
-6 - (-13 - (2 - 21))
-12
What is -10 + (29 - (7 + 7))?
5
Evaluate 24 + 2 + 1 + 6 + (28 - 36).
25
-3 + (25 - (16 - 2 - 12))
20
What is the value of -56 + 41 - (0 - 26)?
11
Calculate 4 + 6 - (0 + -2 + 7 + -1).
6
What is 5 + 1 + (26 - 8) + 3 + 5?
32
What is -10 + -28 + 58 + 0?
20
What is -28 + (26 - (-22 + 25))?
-5
What is 2 - (7 + -12) - 21 - -9?
-5
What is the value of -368 + 355 + (2 - 3)?
-14
Calculate -15 - -21 - (-10 + (19 - 10)).
7
Evaluate 8 - ((-24 - -19) + (1 + 7 - -1)).
4
What is -43 + 1 + (-63 - -89)?
-16
Evaluate (-6 - -2 - 6) + (-19 - -10).
-19
17 + -5 + -11 - -15
16
Evaluate (-2 - (-1 - 3)) + -6 + -4.
-8
Evaluate -15 + (15 - -18) - -14.
32
Calculate 4 - (8 - (-7 + (-3 + -6 - -6))).
-14
-1472 + 1476 + (-1 - -4)
7
What is -1 - (-5 + -11) - (18 - 4)?
1
What is the value of 2 + -2 - (-113 - -114) - -29?
28
Evaluate (1 - 1 - 6 - (4 - 8)) + 24.
22
What is the value of (-2 + 2 - (-1 - -8)) + (19 - 7)?
5
Evaluate -10 - -23 - (12 + (-4 - 0) + 0).
5
What is (-1 - -29) + (-14 - (19 + -8) - -24)?
27
-10 - (44 - (-9 - -46))
-17
What is the value of 10 + 0 + -10 - 10?
-10
Evaluate (-47 + 3 - (7 - 23)) + 7.
-21
Calculate -2 + -12 + (-13 - (-16 + -30)).
19
Calculate -19 - (-25 - (-20 - -15)).
1
18 + (-14 + 24 - (6 + 5))
17
What is (0 - 7) + (-5 - (-45 + 13))?
20
Evaluate 1 - (-10 + 14 - (-4 - 6)).
-13
What is -2 + -2 - (-6 + -8 + 19)?
-9
What is the value of ((-9 - 0) + 1 - 0) + 152 + -156?
-12
6 - 20 - -24 - 24
-14
What is the value of 13 - ((-4 - -1) + (-10 - -15))?
11
-1 + 8 + 1 + -1 + 4
11
What is the value of 9 + -22 + 11 + 6?
4
Calculate -3 + (1 + (16 - 13) - (4 + 10)).
-13
What is the value of -124 + 120 - ((-1 - 5) + -2 + 0)?
4
What is the value of (20 - 18) + -11 - -16?
7
What is the value of (-1 - (1 - -6 - 7 - -4)) + 4?
-1
What is the value of (2 - (-2 + (10 - 2))) + (581 - 567)?
10
Calculate -1 + 0 + (24 - 14 - 19) + 16.
6
Evaluate (-8 - -16) + (-16 - -6) - (14 + 3).
-19
What is (1 + -7 + 0 - 1) + 12?
5
Evaluate -1 + ((7 - 3) + 3 - (6 - 6)).
6
What is 3 - (3 - 7) - (-1 + -6 + 8)?
6
What is 47 + (29 + -27 - 30)?
19
What is the value of (42 - 42) + (4 - (-2 + 0))?
6
Evaluate 147 - 149 - (8 - 0).
-10
What is 3 + -10 + 6 + -6?
-7
What is the value of (-11 - (2 - 1)) + -9 + 12 + -3?
-12
What is 22 - (33 + 13 + -22) - (-1 + 12)?
-13
(-6 - -4 - -11) + -3 + 0 + -5
1
(-10 - (-3 - -3 - 3)) + -5
-12
Evaluate -12 - (13 + -7 - 2) - 6.
-22
Calculate -19 + (-86 + 83 - (0 + -11)).
-11
Evaluate (5 - 1 - (19 - (-10 - -28))) + -37.
-34
Calculate -2 + (7 - 10) + 0 - (-47 + 70).
-28
15 + -6 + -8 + 8 + 0
9
Calculate -1 + (3 - (-3 - -2)) + (159 - 164).
-2
Calculate 5 + (1 - -2) + -8 + -4.
-4
Calculate (9 - 1 - 0) + (17 - (13 + 11)).
1
Calculate -3 - -8 - -3 - (2 - -7).
-1
What is -2 + 3 - (2 + 3) - (-12 - -7)?
1
What is 53 + -22 - 37 - -31?
25
4 + (27 - (18 + -5) - 9)
9
Evaluate (-16 - (0 - 16) - -15) + 8.
23
Calculate (-2 - 2) + (19 - (0 - -3) - 10).
2
Calculate -19 + 7 + 6 + -8 + (10 - 1).
-5
Evaluate (-14 - -38 - 26) + (0 - -1).
-1
24 - 24 - (-6 - (-2 + 4 - -12))
20
Evaluate -13 - -20 - (-2 + 42 - 2) - -5.
-26
Evaluate -14 - -13 - 2 - (-1 - (4 - -2)).
4
What is the value of -6 - (7 - 9) - (-24 + (5 - 0))?
15
What is -99 + 96 - (-9 + -6 - (3 - 0))?
15
What is the value of -1 + 12 + -4 + 7 + -2 + 0?
12
(-14 - 1) + 8 - (0 - 0)
-7
What is -8 + (-8 - -8) + 5 - 4?
-7
Evaluate -177 + 157 + (31 - -4